6)*15/15. What is the highest common divisor of u and 188?
47
Let o = 32 - 26. Suppose 80 = o*m - m. What is the highest common factor of 40 and m?
8
Let y be 3/(-5) + 606152/170. Calculate the highest common factor of 31 and y.
31
Let z be 3375*((-136)/24)/(-17). Calculate the highest common factor of 90 and z.
45
Let p be (-2)/(-4) + 72/16. Suppose -11*f = -14*f + 264. Suppose 97 = p*s - f. Calculate the greatest common factor of s and 37.
37
Suppose -2*n - 30 = -5*v + n, 2*v = n + 11. Let d be ((-2)/(-2) + -2)*v. Let k be (-279)/(-12) + d/12. Calculate the greatest common factor of 161 and k.
23
Let b(k) = 962*k**2. Let p be b(-1). Calculate the highest common factor of 74 and p.
74
Let f = 46 - 23. Suppose -f = 3*i - 458. Calculate the highest common factor of 29 and i.
29
Let g be 107 + (4 + 0)*-1. Let x(b) = b + 3. Let k be x(-6). Let c = g + k. What is the highest common factor of c and 25?
25
Suppose -u - 5 = -3*u + y, 5 = -5*u - y. Suppose -42*z + 44*z - 136 = u. What is the highest common divisor of 34 and z?
34
Let b(j) = -4*j + 204. Let k be b(48). Calculate the highest common divisor of 128 and k.
4
Let p = -2 + -9. Let h = p + 18. Suppose -1940 - 1168 = -111*w. What is the greatest common factor of w and h?
7
Let v(h) = -3*h**3 - 39*h**2 - 10*h - 8. Let n be v(-13). Calculate the highest common divisor of n and 1952.
122
Let m(o) = -20*o + 145. Let c be m(3). Let i be (5/(-4))/(2/40). Let b = 59 + i. What is the highest common divisor of b and c?
17
Let z = -16 - -35. Let r be (0 - (-152)/(-3))*-3. Suppose -65*k = -61*k - r. What is the greatest common divisor of k and z?
19
Suppose 3 + 17 = -5*z, -z - 444 = -5*t. Let x be 4/(-10)*(-10)/4. Let h(o) = 23*o**2 - o. Let f be h(x). Calculate the highest common factor of f and t.
22
Let w = -1 + 8. Suppose 0 = -v + w - 1. Suppose 0 = -5*q - 5*m + 15, -v*m + 5*m + 1 = 0. Calculate the greatest common factor of q and 14.
2
Suppose 4*t - 4*v = -3*v + 13, -7 = -t - v. Let m = 24 - t. What is the highest common divisor of m and 20?
20
Let u be ((-5)/15)/(2/(-12)). Let n(t) = 5*t**3 - 4*t**2 + 4*t - 2. Let w be n(u). What is the highest common divisor of w and 12?
6
Let q(h) be the first derivative of -h**4/4 + 5*h**3/3 + 9*h**2/2 + 9*h - 10. Let z be q(7). Let x = -4 - z. Calculate the highest common divisor of x and 55.
11
Let q(j) = 3*j - 6. Let o be q(22). Suppose 5*y - 47 = 2*r, 0*y - o = -4*y - 4*r. Calculate the greatest common divisor of 11 and y.
11
Let n = -965 - -973. Calculate the highest common factor of n and 68.
4
Suppose -2*v + 12*i + 137 = 11*i, -4*v + 4*i + 276 = 0. Calculate the highest common factor of 748 and v.
68
Let q(v) = v**2 - 5*v + 40. Suppose 84 = 18*g - 6*g. Let m be q(g). Calculate the highest common factor of m and 81.
27
Let p be -1*(-23 + 0) + -2. Calculate the highest common divisor of 21 and p.
21
Let b(r) = 2*r**2 + 22*r + 40. Let y be b(-9). Let x(j) = 2*j - 1 - 1 - 3. Let i be x(y). What is the greatest common factor of 12 and i?
3
Let o be ((-30)/18 - 5) + (-2)/6. Let i(j) = 5*j + 38. Let c be i(o). Calculate the highest common divisor of c and 24.
3
Let a(c) = c**3 - 13*c**2 + 14*c - 19. Let t be a(12). Let y = 60 - 40. What is the greatest common factor of t and y?
5
Let b(l) = 13*l**2 - 7*l - 11. Let u be b(-2). Calculate the highest common factor of u and 165.
55
Let w = 34 - 25. Suppose -96 = -5*t + 2*a, -w = 2*t - 3*t - 3*a. Suppose -4*y + 0 = 4*x + 4, 5*x - 1 = -3*y. Calculate the highest common factor of x and t.
2
Let g(b) = -3*b + 6. Let c be g(-7). Let d = 63 - c. Calculate the greatest common divisor of d and 12.
12
Let g(k) = 4*k**2 + 6*k + 27. Let y = 66 + -69. Let p be g(y). Calculate the greatest common factor of 60 and p.
15
Suppose 36*g - 20*g = 912. Calculate the highest common divisor of 30 and g.
3
Suppose 0*k - 20 = -2*k. Suppose -5*m - 5*p = -0*m - 275, -2*m - 5*p + 95 = 0. Calculate the highest common factor of k and m.
10
Let p = 8 - 8. Suppose 10 = -p*r + 2*r. Suppose -140 + 45 = -5*q - r*z, -2*z - 88 = -4*q. What is the greatest common factor of 105 and q?
21
Let r(y) = -3*y + 31. Let f(q) = q**2 + 7*q + 16. Let w be f(-5). Let k be r(w). Calculate the greatest common divisor of k and 195.
13
Let x be (3 + -6)/((-69)/9269). What is the highest common factor of x and 31?
31
Suppose -15 = 3*x - 3*d - 81, d + 60 = 3*x. Calculate the greatest common factor of 19 and x.
19
Let n = 4 - -1. Let r be -1 + (-27)/(-15) + (-1)/(-5). Let d(v) = 11*v**3 - 2*v**2 + 2*v - 1. Let t be d(r). What is the greatest common divisor of n and t?
5
Let t be (-2)/9 + ((-4384)/36)/(-8). What is the highest common divisor of t and 885?
15
Let x(k) = 3*k - 2. Let o be x(5). Let f(g) = -g**2 + 21 + 20 + 0*g**2 - 51 + 21 + 13*g. Let p be f(o). What is the highest common divisor of 77 and p?
11
Suppose -6*i - 461 = -5*k - 5*i, 1 = -i. Calculate the highest common divisor of 23 and k.
23
Let v(z) = 30*z**2 + z - 1. Let n be v(-1). Suppose b + l = -3*b - 49, 0 = 5*l - 15. Let o = n + b. What is the greatest common factor of o and 105?
15
Let u = 59 + -29. Suppose 5*f - 993 + 318 = 0. What is the greatest common factor of u and f?
15
Let y(c) be the second derivative of 39*c**5/20 + c**4/12 + c**3/2 - 3*c**2/2 + 3*c. Let h be y(1). What is the greatest common divisor of h and 5?
5
Let i = 750 - 690. Calculate the highest common factor of 36 and i.
12
Let j = 24 + -33. Let a(c) = -c**3 - 9*c**2 + 7. Let t be a(j). What is the greatest common factor of 77 and t?
7
Suppose 0 = 2*l + 2. Let u = l - -4. Suppose 0 = -5*d + 2*n + 88, -2*d - d + u*n = -51. What is the highest common divisor of d and 9?
9
Let k be (((-42)/9)/(8/12))/(-1). What is the greatest common factor of 21 and k?
7
Suppose 0*w - 4 = 2*w - 3*g, -4*w - 24 = -2*g. Let n be 5 - (2 - 0 - 0) - w. Calculate the highest common divisor of 33 and n.
11
Let w = 11 + -21. Let t = w - -26. What is the greatest common factor of t and 4?
4
Let r = 385 + -349. Calculate the highest common factor of r and 54.
18
Suppose -u + 0*u - 51 = -5*g, 4*u - 60 = -4*g. Calculate the greatest common divisor of 99 and g.
11
Let c(h) = 30*h + 61. Let s be c(-2). Suppose -1 = j, -5*m = -4*m - 5*j - 6. Calculate the greatest common divisor of s and m.
1
Let k be (4 + 3 - -6) + (-15)/(-3). Calculate the highest common divisor of 150 and k.
6
Let i = 786 - 444. What is the highest common divisor of i and 19?
19
Let z = 62 - 39. Let r = 710 - 549. What is the highest common factor of z and r?
23
Let t be (43 + -1)/((-5)/((-140)/42)). What is the greatest common factor of 14 and t?
14
Suppose -13*s - 131 = -14*s. Suppose -s = -4*z + 121. What is the highest common factor of 9 and z?
9
Let u be 32/(-128) + (-327)/(-12). Calculate the highest common divisor of 36 and u.
9
Let m be 8 + 110/(-15) - 1592/(-6). Calculate the highest common divisor of m and 14.
14
Suppose -6*c + 191 + 337 = 0. Let j be (1/(-3))/((-2)/78). Suppose -d = 3*f - 26, 3*d - j - 9 = -2*f. What is the greatest common factor of f and c?
8
Suppose f + 8 = -3*s, 4*f + 6 = -3*s + 1. Suppose -f = -3*n + 11. Let l be 71/4 + n/16. Calculate the highest common factor of l and 6.
6
Suppose -g + 0 + 5 = 0. Suppose 4*q - h = q + 70, g*h = q. Suppose 3*u + 2*x - 15 = 0, 5*x - 15 = -0*u - 3*u. What is the greatest common factor of q and u?
5
Let x(s) = -8*s - 3. Let j(g) = -2*g - 1. Let m(t) = 3*j(t) - x(t). Let r be m(2). What is the highest common divisor of r and 4?
4
Let q = -106 + 258. What is the highest common divisor of q and 114?
38
Let l be (-6)/81 - (-2604)/162. What is the greatest common divisor of l and 8?
8
Suppose -h = -4*r + 55 + 14, -49 = -3*r - 2*h. Suppose -r*m + 145 = -603. Calculate the greatest common divisor of 22 and m.
22
Let n be ((-102)/8)/(1/(-4)). Suppose -3*k - 102 = 5*m, -3*m + 43 = -5*k - 93. Let p = k - -46. Calculate the highest common divisor of n and p.
17
Suppose c + c + a - 659 = 0, -5*c + 1646 = 2*a. Let f = c - 195. Calculate the greatest common divisor of f and 19.
19
Suppose 25*y + 130 = 30*y. Calculate the highest common factor of 442 and y.
26
Let w = 1326 - 1323. What is the highest common factor of w and 321?
3
Let o = 10 + 1. Let k(s) = -2*s + 90. Let n be k(34). What is the highest common divisor of o and n?
11
Suppose 5756